20.
2, 5, 7, 7643
What are the prime factors of 5361531?
3, 7, 36473
What are the prime factors of 26787267?
3, 13, 25439
What are the prime factors of 6098625?
3, 5, 13, 139
What are the prime factors of 715043?
7, 102149
What are the prime factors of 480099?
3, 160033
What are the prime factors of 4513551?
3, 7, 17, 47, 269
What are the prime factors of 189172?
2, 47293
What are the prime factors of 418549?
67, 6247
What are the prime factors of 15157576?
2, 7, 53, 5107
What are the prime factors of 2794258?
2, 229, 6101
List the prime factors of 283062.
2, 3, 13, 19, 191
List the prime factors of 673098.
2, 3, 17, 6599
What are the prime factors of 6846628?
2, 37, 46261
List the prime factors of 2442929.
53, 46093
What are the prime factors of 13657?
7, 1951
List the prime factors of 1167919.
1167919
What are the prime factors of 185888?
2, 37, 157
What are the prime factors of 715854?
2, 3, 229, 521
List the prime factors of 5965106.
2, 7, 227, 1877
List the prime factors of 275489.
275489
What are the prime factors of 275870?
2, 5, 7, 563
What are the prime factors of 9742246?
2, 31, 157133
List the prime factors of 8087345.
5, 7, 231067
What are the prime factors of 159874?
2, 11, 13, 43
List the prime factors of 195638.
2, 23, 4253
What are the prime factors of 436349?
53, 8233
List the prime factors of 1440529.
17, 84737
List the prime factors of 140446.
2, 70223
What are the prime factors of 23209?
23209
What are the prime factors of 5055746?
2, 1123, 2251
What are the prime factors of 366574?
2, 13, 23, 613
List the prime factors of 6140538.
2, 3, 341141
List the prime factors of 6215760.
2, 3, 5, 89, 97
List the prime factors of 2552990.
2, 5, 11, 23209
List the prime factors of 22195974.
2, 3, 3699329
What are the prime factors of 45038?
2, 7, 3217
What are the prime factors of 1411284?
2, 3, 7, 53, 317
List the prime factors of 950638.
2, 13, 36563
What are the prime factors of 10020920?
2, 5, 7, 13, 2753
What are the prime factors of 424380?
2, 3, 5, 11, 643
List the prime factors of 13548583.
59, 229637
What are the prime factors of 6438?
2, 3, 29, 37
List the prime factors of 3384681.
3, 1128227
What are the prime factors of 17255048?
2, 233, 9257
What are the prime factors of 2509408?
2, 11, 7129
List the prime factors of 2417795.
5, 79, 6121
What are the prime factors of 2685852?
2, 3, 13, 1913
What are the prime factors of 2233147?
7, 31, 41, 251
List the prime factors of 139564.
2, 23, 37, 41
List the prime factors of 2126427.
3, 37, 19157
What are the prime factors of 7696243?
7696243
What are the prime factors of 1972906?
2, 13, 449
List the prime factors of 1136998.
2, 19, 29921
List the prime factors of 751140.
2, 3, 5, 13, 107
List the prime factors of 1613438.
2, 806719
What are the prime factors of 6575449?
443, 14843
List the prime factors of 1033049.
19, 54371
List the prime factors of 426622.
2, 7, 31, 983
List the prime factors of 1743511.
7, 11, 22643
List the prime factors of 1294390.
2, 5, 129439
What are the prime factors of 416682?
2, 3, 7, 3307
What are the prime factors of 23720337?
3, 23, 38197
What are the prime factors of 7331073?
3, 67, 36473
What are the prime factors of 10267492?
2, 1301, 1973
What are the prime factors of 4727455?
5, 211, 4481
What are the prime factors of 464083?
17, 27299
What are the prime factors of 2887046?
2, 1443523
List the prime factors of 881699.
7, 13, 9689
List the prime factors of 7814331.
3, 7, 71, 1747
List the prime factors of 121538.
2, 67, 907
What are the prime factors of 886465?
5, 17, 10429
What are the prime factors of 1909453?
7, 13, 20983
List the prime factors of 2712.
2, 3, 113
What are the prime factors of 4115809?
757, 5437
List the prime factors of 728306.
2, 29, 433
What are the prime factors of 9815622?
2, 3, 1635937
What are the prime factors of 708887?
163, 4349
What are the prime factors of 2882691?
3, 7, 45757
List the prime factors of 3632967.
3, 13, 31051
List the prime factors of 569563.
19, 31, 967
What are the prime factors of 157746?
2, 3, 61, 431
What are the prime factors of 565018?
2, 23, 71, 173
List the prime factors of 7858141.
7858141
List the prime factors of 5263730.
2, 5, 526373
List the prime factors of 506085.
3, 5, 33739
What are the prime factors of 146305?
5, 29, 1009
What are the prime factors of 1748799?
3, 13, 14947
What are the prime factors of 2063225?
5, 82529
List the prime factors of 599071.
11, 4951
What are the prime factors of 479685?
3, 5, 113, 283
List the prime factors of 2619484.
2, 7, 93553
List the prime factors of 7040347.
43, 163729
List the prime factors of 657039.
3, 19, 11527
What are the prime factors of 2085347?
11, 101, 1877
What are the prime factors of 699021?
3, 101, 769
What are the prime factors of 1444191?
3, 7, 68771
List the prime factors of 346704.
2, 3, 31, 233
What are the prime factors of 1617613?
23, 53, 1327
What are the prime factors of 1011614?
2, 59, 8573
What are the prime factors of 665601?
3, 17, 31, 421
List the prime factors of 758623.
41, 18503
List the prime factors of 730979.
709, 1031
What are the prime factors of 26610784?
2, 831587
What are the prime factors of 2882567?
23, 125329
What are the prime factors of 395717?
7, 56531
What are the prime factors of 4513013?
19, 269, 883
List the prime factors of 1335422.
2, 11, 101, 601
List the prime factors of 1325658.
2, 3, 109, 2027
What are the prime factors of 12334449?
3, 443, 9281
What are the prime factors of 3115295?
5, 623059
What are the prime factors of 847741?
847741
What are the prime factors of 4173549?
3, 1391183
List the prime factors of 12395269.
53, 271, 863
What are the prime factors of 20610098?
2, 19, 542371
What are the prime factors of 4350977?
4350977
What are the prime factors of 3437940?
2, 3, 5, 11, 5209
What are the prime factors of 449815?
5, 89963
What are the prime factors of 382816?
2, 7, 1709
What are the prime factors of 2321403?
3, 7, 110543
What are the prime factors of 76640?
2, 5, 479
List the prime factors of 972828.
2, 3, 61, 443
What are the prime factors of 22953532?
2, 7, 819769
List the prime factors of 620403.
3, 7, 31, 953
What are the prime factors of 122568?
2, 3, 5107
List the prime factors of 9757828.
2, 2439457
What are the prime factors of 14809780?
2, 5, 113, 6553
What are the prime factors of 263601?
3, 13, 751
List the prime factors of 27861320.
2, 5, 696533
What are the prime factors of 158134?
2, 17, 4651
List the prime factors of 153933.
3, 13, 3947
List the prime factors of 6414203.
137, 46819
List the prime factors of 804343.
37, 21739
What are the prime factors of 940648?
2, 307, 383
List the prime factors of 5650710.
2, 3, 5, 13, 14489
List the prime factors of 532640.
2, 5, 3329
List the prime factors of 7415371.
7415371
What are the prime factors of 26233?
37, 709
List the prime factors of 152036.
2, 191, 199
What are the prime factors of 143445?
3, 5, 73, 131
What are the prime factors of 130206?
2, 3, 21701
What are the prime factors of 63021?
3, 7, 3001
What are the prime factors of 824803?
7, 23, 47, 109
List the prime factors of 5947785.
3, 5, 132173
List the prime factors of 3625034.
2, 7, 73, 3547
What are the prime factors of 16037123?
16037123
List the prime factors of 1481274.
2, 3, 27431
List the prime factors of 911622.
2, 3, 151937
List the prime factors of 2189109.
3, 13, 56131
List the prime factors of 3092219.
13, 31, 7673
List the prime factors of 2171037.
3, 11, 65789
What are the prime factors of 347510?
2, 5, 19, 31, 59
What are the prime factors of 82032?
2, 3, 1709
List the prime factors of 32142649.
7, 11, 417437
List the prime factors of 4285846.
2, 2142923
List the prime factors of 133572.
2, 3, 11131
What are the prime factors of 1593?
3, 59
What are the prime factors of 15084255?
3, 5, 1005617
List the prime factors of 16418462.
2, 8209231
List the prime factors of 1819479.
3, 606493
List the prime factors of 985571.
985571
List the prime factors of 13610077.
13, 29, 2777
List the prime factors of 211916.
2, 31, 1709
List the prime factors of 160306.
2, 80153
What are the prime factors of 42145?
5, 8429
List the prime factors of 30019868.
2, 7504967
List the prime factors of 732733.
313, 2341
List the prime factors of 175494.
2, 3, 11, 26